119 = 0, 0 = 2*w - 0*y + 5*y - 260. List the prime factors of w.
5
Let k(u) = 3*u**2 - 10*u - 11. List the prime factors of k(8).
101
Let x(o) = 2*o**2 - 4*o - 1. Let f(i) = -i**3 + 3*i**2 + 5*i - 1. Let a be f(4). List the prime factors of x(a).
5
What are the prime factors of 3/(-2)*(-374)/51?
11
Let r = -4 - -9. Suppose 0 = 5*y + 25, 4*y + 30 = 2*w + 3*w. Suppose w*o = 7 + r. List the prime factors of o.
2, 3
Let a = -13 + 25. Let c = a - -6. What are the prime factors of c?
2, 3
List the prime factors of (-459)/(-5) + 11/55.
2, 23
Let s = 328 + -177. What are the prime factors of s?
151
Let m(v) = -v**2 + 1. Let c be m(3). List the prime factors of (3*2)/((-4)/c).
2, 3
Let c = 4 + -1. Suppose 4*h - c*o + 2 - 17 = 0, -3*o = -2*h + 15. Suppose h*i + 4*i = -2*s + 22, 0 = -5*i - 2*s + 27. What are the prime factors of i?
5
Let k = 135 - 74. What are the prime factors of k?
61
Let w be ((-3)/(-4))/(2/8). Suppose -3*j + 3*r = -6, -w*j + 5*r + 0 = -4. List the prime factors of j.
3
What are the prime factors of 10/(-6) + ((-4960)/(-15) - -1)?
2, 3, 5, 11
Let z(l) = l**3 - l. Let o be z(1). Suppose q - 2 = -o. Suppose q*n + 1 = 11. List the prime factors of n.
5
Let v(q) = 127*q**2 - 1. What are the prime factors of v(1)?
2, 3, 7
Suppose -738 - 1548 = -6*h. What are the prime factors of h?
3, 127
Let w(q) = -3*q - 12. What are the prime factors of w(-16)?
2, 3
Let r(l) = -l**2 - 6*l + 2. Let o be r(-5). Let y = o + -2. Let k = y + -3. What are the prime factors of k?
2
Let d(r) = -2*r - 2. Let m(l) = l**2 - 5*l + 4. Let q be m(3). Let b be d(q). Suppose -a = -b*a + 11. List the prime factors of a.
11
Let d be (-4)/(-20) + (-24)/(-5). Suppose -82 = -d*u + 23. Suppose u = 2*s - 3. What are the prime factors of s?
2, 3
What are the prime factors of 1*(-284)/4*-1?
71
Suppose 0 = 2*x - 483 + 97. List the prime factors of x.
193
What are the prime factors of (-12)/6*141/(-6)?
47
Let t = -14 - -12. Let l = 1 - t. What are the prime factors of l?
3
Let a = 0 - 0. Suppose a = 5*r + 3*b - 37, -2*r + 0*b - 5*b = -11. What are the prime factors of r?
2
Suppose 0*q + 21 = -3*q. Let c = -26 + 22. Let n = c - q. List the prime factors of n.
3
Suppose 0 = 3*l, 2*l + l + 28 = -4*f. Suppose 0 = s + 4*s - 60. Let k = s + f. What are the prime factors of k?
5
Suppose 0 = -3*x - 3*t + 12, 5*x = -5*t + t + 19. Suppose 0 = 5*o, -7 = -y - 3*o + x. What are the prime factors of y?
2, 5
Let g = 0 + 24. List the prime factors of g.
2, 3
Suppose 0 = -r + 2*r + 8. Let d be (-3)/((-9)/(-33)) - 1. Let z = r - d. What are the prime factors of z?
2
Suppose -3*t - 68 = -5*t. Let o = t + -11. List the prime factors of o.
23
Suppose 4*a + 24 = n, 4*n + 30 = -3*a + a. Let d = a + 41. What are the prime factors of d?
2, 17
What are the prime factors of 4/2 + (-14 - -34)?
2, 11
Let f(d) be the first derivative of d**2/2 - 3*d - 2. Suppose -4*n - 3*x = -20, 4*x + 20 = -0*n + 4*n. What are the prime factors of f(n)?
2
Let w(r) = -94*r**3 - r**2 - r. Let l be w(-1). Let m = -57 + l. What are the prime factors of m?
37
Let y(w) = -2*w + 1. Suppose -9 = 2*l + 15. List the prime factors of y(l).
5
Suppose 2*c - 66 = -3*g, 4*g - 2*c = 2*c + 68. Suppose -3*r = -r - g. Let y = 18 - r. What are the prime factors of y?
2
Suppose 3*h + 336 = 3*a, 3*h - 100 = -a - 0*h. What are the prime factors of a?
109
Suppose -13 = -i - 0*i - v, -4*v - 33 = -i. Let a = i - 8. Suppose 3 = f - a. List the prime factors of f.
2, 3
Let v(z) = -z**3 - 9*z**2 + 8*z - 9. List the prime factors of v(-10).
11
What are the prime factors of 4*(-3 - 62/(-8))?
19
Suppose 5*b + 5*m - 69 = b, -5*m - 19 = -4*b. Let o = -9 + b. Suppose 5*z - 7 = -o*s, 2*z + 62 = 5*s + 1. What are the prime factors of s?
11
Let z = 27 - 24. Suppose 5*m - 56 = z*m. What are the prime factors of m?
2, 7
Let s = -3 + 8. Suppose 3*a + 4*r + 0*r = 74, -s*a + 162 = -3*r. What are the prime factors of 3/((a/(-4))/(-5))?
2
Let u be 16*3*2/4. Suppose -3*m + 0*m + 5*d + 32 = 0, -3*d - u = -3*m. Suppose m*b + 4*l + 12 = 0, -5*l - 20 = -l. List the prime factors of b.
2
Suppose 0 = g + 4*h + 16, g + 0*h = 4*h + 16. Suppose -3*w + 19 + 65 = g. List the prime factors of w.
2, 7
Let q(r) = -4*r - 2. Let d be q(-2). Let s(f) = -f**2 + 9*f - 9. Let z be s(d). List the prime factors of (-1 + z/2)*4.
2, 7
Let t = -9 + 12. Suppose t*l - 7 = -i, -2*i + 0*i + 8 = 0. List the prime factors of (-26)/(0 + -2) - l.
2, 3
Let x(m) = -2*m + 3. Let b be x(-3). Let a be 978/27 + (-2)/b. List the prime factors of (-16)/(-6)*a/16.
2, 3
Let f(y) = y**3 + 2*y - 9. Let b be f(0). Let m(g) = -g**3 + 5*g**2 - 6*g + 4. Let h be m(5). Let q = b - h. What are the prime factors of q?
17
List the prime factors of (-102)/(-4) - 7/14.
5
What are the prime factors of (-530)/(-40) + (6/8)/(-3)?
13
Let j be ((-66)/(-10))/(3/15). Suppose -2*h - j = -3*h. Let d = h + -23. What are the prime factors of d?
2, 5
Suppose 5 = 5*w - 5. What are the prime factors of w/6 - (-10)/6?
2
Let u(m) be the first derivative of -9*m**4/4 + 1. List the prime factors of u(-1).
3
Let t = -11 - -23. List the prime factors of t.
2, 3
Suppose 1038 = 3*c + 3*w, -2*c - 183 = -4*w - 875. List the prime factors of c.
2, 173
Suppose -5*u + 2*u + 114 = 4*i, -2*i - 164 = -5*u. Suppose -5*f + 17 = 5*t - 48, u = 2*t - 2*f. List the prime factors of t.
3, 5
Suppose -5*n = -10, -n = -4*x - 5*n - 28. Let y = x - -8. List the prime factors of y/(2 - (-27)/(-12)).
2
Let l(n) = n**2 + 10*n + 2. Let m be l(-10). Suppose -6*g = -g + 2*b + 9, -4*g + m*b = 0. What are the prime factors of 9 + 1 + g + -2?
7
Suppose k = 5*y - 218, 4*k = 1 + 7. What are the prime factors of y?
2, 11
Suppose 3*p = -5*n + 344, 4*n + 4*p - 132 = 2*n. List the prime factors of n.
2, 5, 7
Let j = -82 + 147. List the prime factors of j.
5, 13
Let h(a) = 3*a + 4*a**2 - 3*a**2 - 6 + 0*a**2. Let p be h(4). Suppose -4*c = -p - 6. List the prime factors of c.
7
Let i = 0 - 41. Let b = -27 - i. List the prime factors of b.
2, 7
Let d(b) = -b**2 + 23*b - 11. What are the prime factors of d(15)?
109
Suppose n - 7 = 23. What are the prime factors of n?
2, 3, 5
Let u be 1/2 + 35/(-14). Let c = u - -27. List the prime factors of c.
5
Let c(y) be the third derivative of y**4/8 + y**3/6 - 3*y**2. List the prime factors of c(5).
2
Suppose 4*u = -3*i + 149, -5*u - i + 0*i + 189 = 0. What are the prime factors of u?
2, 19
Let i = 784 - 384. List the prime factors of i.
2, 5
Let v(h) = -2*h + 8. Let f(l) = -l**2 - 9*l + 4. Let u be f(-10). What are the prime factors of v(u)?
2, 5
Suppose -z + 0*f = 4*f - 199, 0 = 5*z + 4*f - 995. Suppose -z - 76 = -5*i. What are the prime factors of i?
5, 11
Suppose 5*w = 1 - 11, 0 = 2*f + w - 468. Suppose -6*u = -u - f. What are the prime factors of u?
47
Let z be -1*(-3 + 3)/1. Suppose -3*l + 65 - 5 = z. What are the prime factors of l?
2, 5
Suppose 0 = -4*d + h + 223, 2*d + h - 3*h - 104 = 0. List the prime factors of d.
3, 19
Let j(l) be the first derivative of -l**2/2 + 2*l - 3. Let x be j(0). Let o = x + 5. List the prime factors of o.
7
Suppose 8 = 2*i - 6*i. Let g(p) = p - 5 - 6*p + 2*p + 4. List the prime factors of g(i).
5
Let j(a) = -a**3 + a**2 - a - 4. Let p be j(0). Let s be 1*(0 + 2)*1. Let w = s - p. What are the prime factors of w?
2, 3
Let w(p) = -2*p + 2. Let m be w(4). Let v = -1 - m. List the prime factors of v.
5
Suppose 2*m - 8 = 2. Suppose 145 = 4*p - z, 7*p - 80 = 4*p - m*z. List the prime factors of p.
5, 7
Suppose 9 = -4*y + y, 5*q = -5*y - 15. Suppose 5*n - 12 - 13 = q. What are the prime factors of n?
5
Suppose 0*i + 10 = 4*v - 2*i, -4*i + 5 = -3*v. Let w(h) = -h**3 - 3*h**2 + 4*h - 2. Let l be w(-4). Let z = l + v. What are the prime factors of z?
3
Let o(v) = v + 9. What are the prime factors of o(-5)?
2
Let c(x) = x**2 + 6*x + 3. Let r be c(-6). Suppose -3*h = -36 - r. List the prime factors of h.
13
Let w(z) = 6*z**2 - 1. Let d be w(1). Suppose -v = -2*n + 4*v + 10, 4*v = -2*n - 8. What are the prime factors of 2 + d - (n + 3)?
2
Let k(a) be the first derivative of a - 2 + 1 - 4*a**2 + 0*a**2. List the prime factors of k(-1).
3
Let k(v) = 46*v - 4. List the prime factors of k(2).
2, 11
Suppose -q + 2 = -5*f, 0*f + 5*f = -4*q + 58. What are the prime factors of q?
2, 3
Let x = 2 - -10. Let b(r) = 0*r + 0*r +